17573
What are the prime factors of 4809867?
3, 31, 51719
List the prime factors of 8094793.
7, 43, 26893
List the prime factors of 1279786.
2, 577, 1109
What are the prime factors of 6905492?
2, 11, 156943
What are the prime factors of 1721504?
2, 23, 2339
What are the prime factors of 3508649?
3508649
List the prime factors of 237763.
237763
List the prime factors of 202586.
2, 101293
List the prime factors of 210065.
5, 42013
What are the prime factors of 11104895?
5, 2220979
List the prime factors of 251653.
251653
List the prime factors of 513727.
513727
List the prime factors of 137706.
2, 3, 59, 389
List the prime factors of 370552.
2, 7, 13, 509
List the prime factors of 3317846.
2, 7, 269, 881
List the prime factors of 3887471.
7, 83, 6691
What are the prime factors of 2285649?
3, 229, 1109
List the prime factors of 1087147.
1087147
What are the prime factors of 36960?
2, 3, 5, 7, 11
List the prime factors of 13801934.
2, 6900967
List the prime factors of 197644.
2, 49411
List the prime factors of 6227885.
5, 97, 12841
List the prime factors of 4220664.
2, 3, 7, 37, 97
What are the prime factors of 4454248?
2, 556781
List the prime factors of 4314635.
5, 13, 41, 1619
What are the prime factors of 575475?
3, 5, 7673
What are the prime factors of 576890?
2, 5, 57689
What are the prime factors of 19155684?
2, 3, 53, 30119
List the prime factors of 245002.
2, 122501
What are the prime factors of 747417?
3, 11, 29, 71
What are the prime factors of 1463820?
2, 3, 5, 31, 787
What are the prime factors of 21884?
2, 5471
What are the prime factors of 642382?
2, 13, 31, 797
What are the prime factors of 24748708?
2, 37, 167221
List the prime factors of 661037.
13, 50849
List the prime factors of 3067688.
2, 13, 2269
What are the prime factors of 5560069?
5560069
What are the prime factors of 7913027?
29, 272863
List the prime factors of 327570.
2, 3, 5, 61, 179
List the prime factors of 151793.
17, 8929
What are the prime factors of 5040136?
2, 630017
List the prime factors of 377178.
2, 3, 37, 1699
List the prime factors of 61323.
3, 20441
What are the prime factors of 61349?
31, 1979
List the prime factors of 719382.
2, 3, 47, 2551
What are the prime factors of 523500?
2, 3, 5, 349
List the prime factors of 6400982.
2, 7, 457213
What are the prime factors of 4227167?
7, 603881
List the prime factors of 30989924.
2, 7, 23, 48121
List the prime factors of 248841.
3, 43, 643
What are the prime factors of 9554343?
3, 1747, 1823
List the prime factors of 2058583.
151, 13633
What are the prime factors of 1135644?
2, 3, 101, 937
List the prime factors of 89495.
5, 7, 2557
What are the prime factors of 8610802?
2, 4305401
What are the prime factors of 50016?
2, 3, 521
List the prime factors of 3348713.
31, 108023
What are the prime factors of 3250057?
127, 157, 163
What are the prime factors of 5697618?
2, 3, 17, 83, 673
List the prime factors of 2957976.
2, 3, 7, 5869
What are the prime factors of 1233542?
2, 61, 10111
List the prime factors of 1859652.
2, 3, 67, 257
What are the prime factors of 9782896?
2, 137, 4463
What are the prime factors of 1204202?
2, 37, 16273
What are the prime factors of 3036048?
2, 3, 19, 3329
What are the prime factors of 121689?
3, 4507
What are the prime factors of 1433762?
2, 11, 65171
List the prime factors of 134591.
134591
List the prime factors of 474143.
474143
List the prime factors of 1940947.
23, 84389
List the prime factors of 17487325.
5, 699493
List the prime factors of 54619.
193, 283
List the prime factors of 107977.
19, 5683
List the prime factors of 4210640.
2, 5, 7, 73, 103
What are the prime factors of 5481231?
3, 7, 261011
List the prime factors of 3191886.
2, 3, 17, 19, 61
List the prime factors of 6601133.
7, 11, 37, 331
What are the prime factors of 27124297?
199, 136303
What are the prime factors of 5188?
2, 1297
List the prime factors of 375735.
3, 5, 37, 677
What are the prime factors of 62481?
3, 59, 353
List the prime factors of 25055214.
2, 3, 4175869
List the prime factors of 17915924.
2, 13, 113, 3049
What are the prime factors of 431294?
2, 89, 2423
What are the prime factors of 2308384?
2, 13, 31, 179
List the prime factors of 21065517.
3, 11, 389, 547
List the prime factors of 5480079.
3, 11, 166063
What are the prime factors of 357887?
61, 5867
What are the prime factors of 5877290?
2, 5, 31, 18959
What are the prime factors of 2398944?
2, 3, 24989
What are the prime factors of 206793?
3, 23, 37
List the prime factors of 1717463.
11, 43, 3631
What are the prime factors of 23199092?
2, 7, 397, 2087
What are the prime factors of 1827762?
2, 3, 19, 16033
List the prime factors of 2458364.
2, 67, 9173
What are the prime factors of 144898?
2, 13, 5573
What are the prime factors of 84062?
2, 11, 3821
List the prime factors of 6095643.
3, 103, 19727
What are the prime factors of 330085?
5, 7, 9431
What are the prime factors of 216313?
199, 1087
What are the prime factors of 2010007?
271, 7417
List the prime factors of 7096386.
2, 3, 11, 19, 5659
What are the prime factors of 241846?
2, 11, 10993
List the prime factors of 618895.
5, 41, 3019
What are the prime factors of 1358581?
7, 194083
What are the prime factors of 759782?
2, 23, 83, 199
What are the prime factors of 7348313?
7, 43, 24413
What are the prime factors of 2467676?
2, 71, 8689
List the prime factors of 14969599.
73, 205063
List the prime factors of 4261489.
107, 39827
What are the prime factors of 2346182?
2, 61, 19231
What are the prime factors of 278679?
3, 92893
What are the prime factors of 3467073?
3, 79, 14629
List the prime factors of 204622.
2, 11, 71, 131
What are the prime factors of 181326?
2, 3, 47, 643
List the prime factors of 2272044.
2, 3, 189337
What are the prime factors of 155678?
2, 77839
What are the prime factors of 2229980?
2, 5, 43, 2593
What are the prime factors of 1260987?
3, 7, 13, 31, 149
What are the prime factors of 1657118?
2, 29, 28571
What are the prime factors of 92670?
2, 3, 5, 3089
What are the prime factors of 3806479?
19, 200341
What are the prime factors of 1907528?
2, 7, 23, 1481
List the prime factors of 5894127.
3, 72767
List the prime factors of 127953.
3, 7, 677
List the prime factors of 7475.
5, 13, 23
List the prime factors of 5599831.
5599831
List the prime factors of 1301776.
2, 7, 59, 197
What are the prime factors of 25906410?
2, 3, 5, 287849
List the prime factors of 179880.
2, 3, 5, 1499
What are the prime factors of 441759?
3, 147253
List the prime factors of 17238556.
2, 107, 40277
List the prime factors of 16485391.
13, 47, 26981
What are the prime factors of 209759?
11, 19069
What are the prime factors of 3020016?
2, 3, 17, 3701
List the prime factors of 1295007.
3, 7, 61667
What are the prime factors of 8500409?
23, 599, 617
List the prime factors of 8315340.
2, 3, 5, 11, 43, 293
List the prime factors of 10564625.
5, 223, 379
What are the prime factors of 3444850?
2, 5, 68897
What are the prime factors of 1129577?
1129577
List the prime factors of 3033702.
2, 3, 7, 24077
List the prime factors of 27266735.
5, 1171, 4657
List the prime factors of 31691738.
2, 13, 1218913
What are the prime factors of 377489?
7, 53927
List the prime factors of 699639.
3, 31, 7523
What are the prime factors of 1852981?
13, 142537
What are the prime factors of 336370?
2, 5, 33637
List the prime factors of 5618078.
2, 109, 25771
What are the prime factors of 6650322?
2, 3, 7, 158341
What are the prime factors of 2044430?
2, 5, 204443
List the prime factors of 147699.
3, 16411
What are the prime factors of 81143?
53, 1531
What are the prime factors of 6958550?
2, 5, 29, 4799
What are the prime factors of 4826290?
2, 5, 7, 68947
What are the prime factors of 46710?
2, 3, 5, 173
What are the prime factors of 242801?
13, 19, 983
What are the prime factors of 3481916?
2, 870479
List the prime factors of 188818.
2, 7, 13487
List the prime factors of 10805283.
3, 101, 11887
What are the prime factors of 23530860?
2, 3, 5, 31, 4217
What are the prime factors of 298580?
2, 5, 14929
List the prime factors of 2884841.
971, 2971
What are the prime factors of 14233172?
2, 43, 83, 997
What are the prime factors of 4431286?
2, 109, 20327
List the prime factors of 13665753.
3, 168713
List the prime fa